(-2 - -2)). Suppose -y*u + 49 = 7. What is the remainder when 61 is divided by u?
5
Let m(t) = -t**2 - 2*t + 139. Suppose -2*z = 5*v + 62, 2*v - 4*z = -5 - 15. What is the remainder when m(v) is divided by ((-2)/3)/((-8)/132)?
8
Suppose 486 = 57*z + 53*z - 64. Calculate the remainder when 1408 is divided by z.
3
Let n = -39 - -40. Suppose -4*v = n - 5. Calculate the remainder when (1 - 2) + 20 + v is divided by 2.
0
Calculate the remainder when 23/138*-24 - -758 is divided by 159.
118
Suppose 2*l - 2*f - 90 = 0, 213 = 5*l - 2*f - 24. What is the remainder when 637 is divided by l?
0
What is the remainder when 440 is divided by (372/(-36) - -11)/((-194)/198 - -1)?
11
What is the remainder when 203 is divided by ((-204)/(-30))/(8 + (-595)/75)?
101
Let d(c) be the second derivative of -79*c**3/3 - c**2/2 + 2*c. Suppose -15041 + 27033 + 19398 = 3139*v. Calculate the remainder when d(-1) is divided by v.
7
Let o(u) = 52*u + 6. Let l be o(-4). Let w = 103 + -29. What is the remainder when w is divided by 9/(-36) + l/(-8)?
24
Suppose 160 = o + 3*b + 7, 3*o + 3*b = 441. Calculate the remainder when 2438 is divided by o.
134
Let n(o) = -1. Let p(l) = -6*l + 21. Let y(r) = 21*n(r) - 3*p(r). What is the remainder when 178 is divided by y(8)?
58
Let b(o) = 63*o**2 - 16*o + 20. Let p be b(-9). Suppose 0 = -23*w + p - 782. Calculate the remainder when w is divided by 40.
35
Suppose -221*j - 245*j - 8064 = -498*j. Calculate the remainder when j is divided by 21.
0
Let f(m) = m**2 + 5*m - 38. Let d = 14 - 26. Let y be f(d). Suppose 0 = -7*u - y + 165. Calculate the remainder when u is divided by 2.
1
Let n = -1711 - -1835. Let a(x) = -6*x - 41. Calculate the remainder when n is divided by a(-8).
5
Let r be 152 + 8 + -7 + 5. Let k = 235 - r. Calculate the remainder when k is divided by 14.
7
Suppose -868*v + 871*v = 5*y - 544, 2*y = 5*v + 229. What is the remainder when y is divided by 29?
20
Let u(c) = c**3 - 14*c**2 - 9*c + 13. What is the remainder when u(15) is divided by ((-88)/(-6) - 0)*57/38?
15
Suppose -5*a - 42 = 13. Let h(z) = -5*z - 12. Calculate the remainder when h(a) is divided by 25.
18
Let p be ((-40)/(-70))/((-3)/(-798)*4). Suppose p*h - 3364 + 780 = 0. Calculate the remainder when 745 is divided by h.
65
Let p = -43 + 82. Let u = 10866 + -10857. Calculate the remainder when p is divided by u.
3
Suppose -205*h - 450 = -250*h. What is the remainder when 112 is divided by h?
2
Let v(n) be the third derivative of n**4/3 - 11*n**3/6 - 24*n**2 - 3. What is the remainder when v(8) is divided by 7?
4
Suppose -142*m - 62*m + 180090 = -2898. Calculate the remainder when m is divided by 152.
137
Let d = -2144 - -2237. Calculate the remainder when 112 is divided by d.
19
Suppose 0 = -2*w + 6, -2*k + 3*w + 0 + 89 = 0. Calculate the remainder when (-84096)/(-432) - (-4)/(-6) is divided by k.
47
Let h be (-3)/3 + (-2 - -2). What is the remainder when 236 is divided by h/4 + 959/28?
32
Suppose 7*x = 5*x + 516. Let u = 276 - x. Calculate the remainder when u is divided by 11.
7
Let t(y) = y**3 - 3*y**2 - 22*y + 50. Let u(d) = -d**3 + 3*d**2 + 2*d. Let j be u(3). Calculate the remainder when 66 is divided by t(j).
14
Let q = 134 - 96. Let f = 305 - 78. Suppose f = 3*k - 106. What is the remainder when k is divided by q?
35
Let y be (-133)/9 - 2/9. Let a = y + 25. Suppose -14*s + 21363 - 21279 = 0. Calculate the remainder when a is divided by s.
4
Calculate the remainder when 24589 is divided by 3277/464 + -7 - ((-5469)/48 - 2).
113
Suppose -13*s - 8 = -15*s. What is the remainder when (s/2 - -1)/((-1)/(-16)) is divided by 25?
23
Suppose 148253 = 57*m - 873130. What is the remainder when m is divided by 14?
13
Suppose -171*h + 4893 = 63*h - 3531. Let x = -117 - -259. Calculate the remainder when x is divided by h.
34
Suppose -818 = -16*b + 590. Calculate the remainder when 285 is divided by b.
21
Let c = -918 + 1298. Suppose -119*m + 114*m = -c. What is the remainder when m is divided by 6?
4
Let i be ((-2)/4)/(8/(1248*1)). Calculate the remainder when ((-104)/i)/((-6)/(-261)) is divided by 12.
10
Let o(l) = 134*l - 155. Calculate the remainder when o(2) is divided by 39.
35
Suppose q + 5*b = 461, 2*q = -5*b + 890 + 37. What is the remainder when q is divided by 126?
88
Suppose 92*a - 17*a = -23*a + 4410. What is the remainder when 149 is divided by a?
14
Suppose -2*h = -4*h - 94. Let n = -54 - h. Let l(f) = -8*f - 21. What is the remainder when 68 is divided by l(n)?
33
Suppose -79 - 201 = -2*d. Let l = 247 - d. Let y = l - 51. Calculate the remainder when y is divided by 20.
16
Let s(v) = 9*v**2 + 30*v + 12. Let i = 34 + -24. What is the remainder when s(-5) is divided by i?
7
Suppose -2*u = f - 90, u + u - 184 = -2*f. Suppose 22*n - 26*n = -568. Let v = -109 + n. What is the remainder when f is divided by v?
28
Let j(y) = y**3 + 480*y**2 + 12 - 2*y**3 - 472*y**2 - 6*y. Let b(d) = -d + 3. Let r be b(-4). Calculate the remainder when 92 is divided by j(r).
16
Suppose -s - 5*b = -14, -18*s + 12 = -13*s - 4*b. Let m = -5 + 23. What is the remainder when m is divided by s?
2
Let c = -1282 + 1213. Suppose -y - 2*y = -3*j + 354, y = -5*j - 142. Let s = c - y. What is the remainder when s is divided by 29?
24
Suppose 0 = -3*x - 15, 378*b - 379*b - x = -78. What is the remainder when 244 is divided by b?
78
Suppose 3*l = g - 105, 3*g = -4*l + 201 + 101. Calculate the remainder when 13870 is divided by g.
100
Suppose 1034 + 842 = 7*l. Suppose 3*q + y - l = 0, -q + 5*y - 33 = -101. Calculate the remainder when q is divided by 24.
16
Let b(d) = d + 4. Calculate the remainder when (-4350)/(-250) - 6*2/(-20) is divided by b(12).
2
Let m = 24 - -661. What is the remainder when m is divided by 16?
13
Let a be -1 - (12/(5 - -1) - 21). Suppose -z - 10 = -0*z. Let j = z + a. What is the remainder when 62 is divided by j?
6
Let i(g) = -g**3 + 92*g**2 + 192*g - 370. Calculate the remainder when 18863 is divided by i(94).
5
Let g(a) = 4*a + 3. Let s be g(2). Suppose 2*f - 2*t - 12 = 0, s*f + 3*t = 7*f + 45. What is the remainder when 35 is divided by f?
8
Let q = 411 - 334. Suppose 71 = 5*c + 3*k, 6*c - q = c - k. What is the remainder when 95 is divided by c?
15
Let s = 5 + -7. Suppose 4*j - 179 = 5*g, 3*j + 2*g + 2*g = 111. What is the remainder when j is divided by (s/3)/(8/(-108))?
5
Let k(z) be the first derivative of -1/3*z**3 - 14 + 11*z + 7*z**2. What is the remainder when k(8) is divided by 21?
17
Let a = -1062 + 1147. What is the remainder when 206 is divided by a?
36
Suppose 5*d + 4*r - 35 = 0, 2*d - 5*d + 21 = -r. Let w(q) = 31*q + 69. Calculate the remainder when w(d) is divided by 12.
10
Suppose -38*o = -332 - 200. Calculate the remainder when 76 is divided by o.
6
Suppose -196 = 50*y - 64*y. Calculate the remainder when 1300 is divided by y.
12
Let n be 10/4*((-444)/(-30) - 6). Suppose -n - 90 = -4*j. What is the remainder when j is divided by 3?
1
Let c = 87 - 80. Suppose c*h = 931 + 686. What is the remainder when h is divided by 18?
15
Let z(v) = 35*v**2 - 77*v + 211. Calculate the remainder when z(3) is divided by 43.
37
Suppose 3*r + 359 = 4*r. Let h = r - 74. Let l(u) = -5*u + 8. What is the remainder when h is divided by l(-8)?
45
Let x(n) = 3*n**2 - 16*n + 51. Calculate the remainder when 18/(-12)*411/9*-2 is divided by x(4).
32
Let o = 2839 + -2671. What is the remainder when o is divided by 19?
16
Let k(i) = 290*i - 1525. Suppose n + 3*c - 7*c = -7, -123 = 4*n + 3*c. Let g = 51 + n. Calculate the remainder when k(6) is divided by g.
23
Let u = -1778 - -2494. What is the remainder when u is divided by 146?
132
What is the remainder when 364 is divided by (1 - 3)/((-15)/17115*7)?
38
Let b be 5 - (8/(-8) + -3). Suppose -5*n - 38 + 3 = -3*x, n = -x + b. Calculate the remainder when 115 is divided by x.
5
Suppose -3*r = -5*r + 6. Suppose 74 = r*a + 5*b, 4 = -2*a + 2*b + 48. What is the remainder when 7920/184 + (-30)/690 is divided by a?
20
Let j(l) = -2*l**2 + 4*l - 2. Let w be j(2). Let f = w + 7. Suppose 0 = 24*s - 273 - 183. Calculate the remainder when s is divided by f.
4
Suppose -57033 + 183496 = 25*q - 73437. What is the remainder when q is divided by 258?
256
Let x(q) = q**3 - 9*q**2 + 21*q - 9. Let t be 10 + -5 + 3 + 0. Calculate the remainder w